{"id":38,"date":"2020-09-03T14:33:27","date_gmt":"2020-09-03T12:33:27","guid":{"rendered":"http:\/\/badmintonclubsaintagreve.fr\/?page_id=38"},"modified":"2025-08-30T14:31:55","modified_gmt":"2025-08-30T12:31:55","slug":"sinscrire","status":"publish","type":"page","link":"https:\/\/badmintonclubsaintagreve.fr\/index.php\/sinscrire\/","title":{"rendered":"S&rsquo;inscrire"},"content":{"rendered":"\n<p>Pour s&rsquo;inscrire, il suffit de se rendre en d\u00e9but de s\u00e9ance le lundi ou le jeudi <\/p>\n\n\n\n<p>Vous pouvez d\u00e9j\u00e0 t\u00e9l\u00e9charger la fiche d&rsquo;inscription et \u00e9ventuellement la fiche sanitaire (pour les mineurs).<\/p>\n\n\n\n<p><a href=\"https:\/\/badmintonclubsaintagreve.fr\/wp-content\/uploads\/2025\/08\/Demande-de-licence-2025-2026.pdf\" target=\"_blank\" rel=\"noreferrer noopener\">Fiche d&rsquo;inscription<\/a><\/p>\n\n\n\n<p><a href=\"http:\/\/www.badmintonclubsaintagreve.fr\/telechargement\/fiche sanitaire.pdf\" target=\"_blank\" rel=\"noreferrer noopener\">Fiche sanitaire<\/a><a href=\"\/www.badmintonclubsaintagreve.fr\/telechargement\/fiche sanitaire.pdf\"> <\/a><\/p>\n\n\n\n<p><\/p>\n","protected":false},"excerpt":{"rendered":"<p>Pour s&rsquo;inscrire, il suffit de se rendre en d\u00e9but de s\u00e9ance le lundi ou le jeudi Vous pouvez d\u00e9j\u00e0 t\u00e9l\u00e9charger la fiche d&rsquo;inscription et \u00e9ventuellement la fiche sanitaire (pour les mineurs). Fiche d&rsquo;inscription Fiche sanitaire<\/p>\n","protected":false},"author":1,"featured_media":0,"parent":0,"menu_order":0,"comment_status":"closed","ping_status":"closed","template":"","meta":{"footnotes":""},"class_list":["post-38","page","type-page","status-publish","hentry"],"_links":{"self":[{"href":"https:\/\/badmintonclubsaintagreve.fr\/index.php\/wp-json\/wp\/v2\/pages\/38"}],"collection":[{"href":"https:\/\/badmintonclubsaintagreve.fr\/index.php\/wp-json\/wp\/v2\/pages"}],"about":[{"href":"https:\/\/badmintonclubsaintagreve.fr\/index.php\/wp-json\/wp\/v2\/types\/page"}],"author":[{"embeddable":true,"href":"https:\/\/badmintonclubsaintagreve.fr\/index.php\/wp-json\/wp\/v2\/users\/1"}],"replies":[{"embeddable":true,"href":"https:\/\/badmintonclubsaintagreve.fr\/index.php\/wp-json\/wp\/v2\/comments?post=38"}],"version-history":[{"count":9,"href":"https:\/\/badmintonclubsaintagreve.fr\/index.php\/wp-json\/wp\/v2\/pages\/38\/revisions"}],"predecessor-version":[{"id":98,"href":"https:\/\/badmintonclubsaintagreve.fr\/index.php\/wp-json\/wp\/v2\/pages\/38\/revisions\/98"}],"wp:attachment":[{"href":"https:\/\/badmintonclubsaintagreve.fr\/index.php\/wp-json\/wp\/v2\/media?parent=38"}],"curies":[{"name":"wp","href":"https:\/\/api.w.org\/{rel}","templated":true}]}}